3, 3*r - 9 = 3*z. Let s = -11 - -20. Calculate the greatest common divisor of s and r.
3
Let k = -21 - -28. Let t be (-1 - -1 - k/28)*-4. What is the greatest common divisor of 5 and t?
1
Let t(z) be the third derivative of -3*z**4/8 - 2*z**3 + 12*z**2. Suppose 1 = 2*q + 11. Let x be t(q). Calculate the greatest common factor of x and 11.
11
Suppose 3*x + 92 = 437. Suppose 0 = -43*h + 2183 - 205. What is the highest common factor of h and x?
23
Suppose -4*a + 635 = 3*y - 165, 4*a - 280 = -y. Calculate the highest common factor of 20 and y.
20
Suppose 2*p = 0, j - 3*p - 3 = 37. Let d be (4*2/(-16))/((-1)/j). What is the highest common divisor of 60 and d?
20
Let s(o) = -5*o**3 + o**2 + 5*o + 3. Let q be s(-1). What is the highest common divisor of 36 and q?
4
Suppose -16*a - 4700 = -110*a. What is the highest common factor of 575 and a?
25
Suppose 3*y - 99 = -0. Suppose -14*h + 17*h - 112 = -5*t, h - 14*t = 100. What is the greatest common divisor of h and y?
11
Let g = 257 - 250. Let p(u) = -2*u**3 - 4*u**2 - 3*u + 1. Let t be p(-3). What is the greatest common divisor of g and t?
7
Suppose -1777 + 1807 = 6*f. Let r(o) = 9*o + 1. Let t be r(1). Calculate the highest common divisor of t and f.
5
Suppose -2*h + 66 = -142. Let g = -57 + 65. Suppose -22 = -g*j + 82. What is the greatest common factor of j and h?
13
Let c(a) = 13*a + 820. Let x be c(-62). What is the highest common divisor of 1022 and x?
14
Let d be (-21)/3*(1 + 0). Let h = -13 - d. Let m be h/5*(-11 - -6). What is the highest common divisor of m and 66?
6
Suppose 0 = j, 2*l - 5*j - 11 = l. Let m be ((-14)/4)/(((-44)/104)/l). What is the highest common divisor of m and 7?
7
Let g = 61 - 10. Suppose 11*p = 8*p + g. What is the greatest common factor of 34 and p?
17
Let l(f) = f**3 + 2*f - 3. Let v be l(2). Let c = 224 - 215. What is the highest common divisor of c and v?
9
Let u(y) = -11*y**3 - 5*y**2 + 3*y - 4. Let i be u(-4). What is the greatest common divisor of 32 and i?
32
Suppose -3*o + 5*p = -o - 23, 5*o - 23 = p. Suppose -y = -o*y + 51. Let j = 110 - -26. Calculate the greatest common factor of j and y.
17
Let w = 103 + -58. What is the greatest common factor of w and 10?
5
Let v(o) = 3*o**2 - 45*o + 169. Let n be v(8). Suppose -h + 5 + 0 = 0. What is the highest common divisor of n and h?
1
Let q = 1 + 19. Let a be (36/(-30))/((-6)/q). Calculate the greatest common divisor of 2 and a.
2
Let i be (-1)/(-2)*104/2. Let c be ((-187)/33 - 3)*3/(-1). What is the greatest common divisor of c and i?
26
Let v = -5670 + 5733. Let m = 8 + 1. Calculate the highest common divisor of v and m.
9
Suppose 5*g + 95 = 3*o, 0*g + 3*g + 28 = -4*o. Let t(h) = 2*h**2 - 2*h + 3. Let d be t(-3). Let x = d + g. What is the highest common divisor of x and 121?
11
Let z = -73 + 105. Let b(c) = -1 + 2*c**2 + 308*c + 19 - 317*c. Let s be b(2). What is the highest common factor of z and s?
8
Suppose 4*h - 36 - 8 = 0. Let i(q) = q**2 - 4*q + 4. Let t be i(3). Calculate the greatest common divisor of t and h.
1
Suppose 5*v = -3*c + 3 + 52, 0 = 3*v - 2*c - 52. Let r be (-3)/(-2) + (-21)/v. Suppose -g = -r*g - 13. What is the greatest common factor of g and 13?
13
Let s(k) be the second derivative of -k**3/6 + 6*k**2 - 34*k. Suppose 4*x - 2*x = 16. Let v be s(x). Calculate the greatest common divisor of 2 and v.
2
Let x = 37 - 35. Let q(l) = -2*l - 2. Let r be q(-6). Calculate the greatest common divisor of x and r.
2
Let d be 58/12 - -1*(-4)/(-24). Suppose -20 = -5*c, 2*r + 16 = d*c + 74. What is the greatest common divisor of r and 13?
13
Let b be 126/8 - 7/(-28). What is the highest common factor of b and 4?
4
Suppose 0 = -n + 10 + 6. Let g = -434 + 522. What is the highest common factor of n and g?
8
Suppose 7*l - 4*l = -x + 78, -l = 0. Let n = x + -33. Calculate the greatest common factor of n and 18.
9
Let w be -1*1*(-1 - 2). Suppose -4*r + w*o + 460 = -2*o, 5*r = -3*o + 612. Let y(t) = 4*t - 1. Let z be y(4). Calculate the highest common factor of r and z.
15
Suppose -3*k + 2*b + 12 = 0, k + 2*k - 12 = 5*b. Suppose 12 = u + k*d - 7*d, 0 = d + 1. Let m be 147/u + 2/(-6). What is the highest common factor of m and 2?
2
Suppose 2*o = 5*o - 132. Let j be (-2 + (-624)/(-15))*(-1500)/(-150). Calculate the highest common factor of j and o.
44
Suppose 4*u = 5*v + 790, -u + 265 = -2*v + 66. Let s be 0 + -3 + u/3. Calculate the highest common divisor of 93 and s.
31
Suppose 0 = -21*v + 74126 + 22096. Calculate the highest common divisor of 58 and v.
58
Let q be (-1)/(-1) + 1 + -1. Let u(s) = 6*s - 1. Let n be u(q). Suppose n*c - 59 - 141 = 0. What is the greatest common factor of 10 and c?
10
Suppose 0 = 4*r - 246 - 1106. Calculate the highest common factor of r and 26.
26
Suppose 270 = 6*x - 1998. What is the highest common divisor of 14 and x?
14
Suppose 0 = 7*u - 967 + 43. Suppose -2*g = -3*g + u. What is the greatest common factor of g and 12?
12
Suppose 3*c = -4*p + 84, 0 = 2*p - 5*c + 3*c - 56. Let n = 29 - p. What is the highest common divisor of n and 35?
5
Let l = -41 - -50. Suppose -35 - l = -r. What is the greatest common factor of 4 and r?
4
Let p = 33 - 22. Calculate the greatest common factor of 11 and p.
11
Suppose -5*z + 1304 - 292 = 4*b, -2*z - 240 = -b. Calculate the greatest common factor of b and 31.
31
Let j = 450 + -89. What is the greatest common divisor of j and 19?
19
Let r(i) = -i**3 - 10*i**2 - 18*i - 6. Let z be r(-8). Suppose 0 = z*w - 2*w - 440. Calculate the greatest common divisor of 11 and w.
11
Let v = 231 + -55. Let l(z) = z**3 + 5*z**2 - 16*z + 2. Let x be l(-7). What is the highest common factor of x and v?
16
Suppose -3*j + 8*j - 3*n - 76 = 0, 4*j - 62 = 3*n. Let p be (-31)/(-4) + 6/(-8). Calculate the highest common factor of p and j.
7
Suppose 15 = -4*j + 3*j. Let x be 8/(-6)*j + -2. Let c(g) = g**3 + 2*g + 3. Let y be c(3). What is the greatest common divisor of x and y?
18
Let o(m) = -m - 1. Suppose -4*a = -8 - 0. Let t(h) = 3*h + 2. Let f(z) = a*o(z) + t(z). Let r be f(6). Calculate the greatest common divisor of r and 24.
6
Suppose 0 = 16*o - 38*o + 506. Calculate the greatest common factor of 851 and o.
23
Let l(h) be the third derivative of h**5/10 - 7*h**4/24 + 2*h**3 - 15*h**2. Let b be l(4). Calculate the highest common divisor of b and 16.
16
Suppose w - 26 = 4*l, -2*l + 0 = w + 4. Let p be 204/18 - w/(-9). Calculate the greatest common factor of 30 and p.
6
Suppose -12*p = 4*t - 124, -2*t + p + 108 - 11 = 0. Let g be (0 + 5)*4/10. Calculate the greatest common divisor of t and g.
2
Suppose 96 = -9*z + 13*z. Let u be ((-15)/(-6))/(2/z). Calculate the highest common factor of u and 20.
10
Suppose 3*v = -3*v + 1152. Let j = 2 + -5. Let y be (-1)/j - 71/(-3). Calculate the highest common divisor of y and v.
24
Let h be (-18)/(-8) + (-2)/8. Suppose 119 = 5*t - x, -h*t + 2*x + 45 = -x. What is the greatest common factor of t and 3?
3
Suppose 50 = 4*u + u. Let a = 12 + -12. Let g be 2*(a + 0 - -40). Calculate the highest common factor of u and g.
10
Let s be (1 + -1 + -3)*(16 - 17). Suppose -s*p + 8*p - 240 = 0. Suppose 0 = 3*t + 2*t - 80. What is the highest common divisor of p and t?
16
Let o = -130 - -190. Calculate the highest common factor of 45 and o.
15
Let q(x) = 3*x + 13. Suppose -6 = t - 9. Let f be q(t). Calculate the greatest common factor of f and 11.
11
Suppose 3*c - 60 = -2*c. Let k be 8/c - 1676/(-6). What is the highest common divisor of k and 35?
35
Let m = 40 - 21. Let j = -11 - -10. Let c(k) = -133*k**3. Let x be c(j). Calculate the greatest common factor of m and x.
19
Suppose -224 = -3*r + 70. Suppose -5*i + 3*t = -85, -5*t + 36 = 4*i - t. What is the highest common factor of r and i?
14
Suppose 4*x = 3*r + 134 + 186, 0 = -5*x + 2*r + 400. Let i = -21 + 23. Suppose p = 4, -i*m + 2*p - 40 = -4*m. What is the highest common factor of m and x?
16
Let t(y) = -y**2 - 14*y - 14. Suppose 352*k - 355*k = 36. Let u be t(k). Calculate the greatest common divisor of 20 and u.
10
Suppose 0 = -30*y + 35*y - 130. What is the highest common divisor of y and 221?
13
Let r(u) = -u**3 + 11*u**2 - 14*u + 188. Let w be r(11). What is the highest common factor of 2754 and w?
34
Suppose 26*p + 1344 = 4*b + 23*p, -3*b = 5*p - 1008. What is the highest common divi